 of 731 and 46268.
43
Calculate the greatest common divisor of 1943 and 603.
67
What is the highest common factor of 3639506 and 39?
13
Calculate the greatest common factor of 10098 and 7578.
18
What is the highest common divisor of 155806 and 868?
434
Calculate the highest common divisor of 3042 and 689.
13
Calculate the greatest common factor of 8489 and 611.
13
What is the greatest common divisor of 21480 and 18840?
120
What is the highest common divisor of 1401950 and 330?
110
What is the greatest common divisor of 27144 and 42804?
1044
Calculate the highest common divisor of 2400445 and 5.
5
What is the highest common factor of 393 and 216805?
131
Calculate the greatest common divisor of 20881 and 1727.
157
Calculate the highest common factor of 153057 and 326.
163
What is the greatest common factor of 837 and 432?
27
Calculate the highest common factor of 93626 and 4394.
338
What is the highest common divisor of 9711 and 22410?
747
Calculate the greatest common factor of 15476 and 25988.
292
Calculate the highest common factor of 2665 and 1495.
65
What is the highest common divisor of 2690651 and 265?
53
What is the highest common factor of 95 and 1305?
5
What is the greatest common divisor of 944 and 7257?
59
What is the highest common divisor of 2914 and 11750?
94
What is the greatest common factor of 18786 and 8277?
93
Calculate the highest common factor of 2240 and 3465.
35
What is the greatest common divisor of 24 and 9?
3
Calculate the highest common factor of 1488465 and 873.
873
What is the highest common factor of 60 and 36624?
12
Calculate the greatest common divisor of 5358 and 2242.
38
Calculate the highest common factor of 565857 and 90.
9
Calculate the highest common divisor of 2544884 and 1146.
382
Calculate the greatest common divisor of 33020 and 30.
10
What is the highest common factor of 72 and 2196?
36
Calculate the greatest common divisor of 26 and 136513.
13
Calculate the greatest common divisor of 60 and 2253048.
12
What is the greatest common divisor of 2079847 and 7?
7
Calculate the greatest common factor of 1180 and 135110.
590
Calculate the greatest common divisor of 176 and 24002.
22
What is the greatest common divisor of 160104 and 357?
21
What is the greatest common divisor of 215 and 7267?
43
Calculate the highest common divisor of 2863 and 7196.
7
Calculate the greatest common divisor of 78 and 576069.
39
Calculate the greatest common divisor of 225 and 751275.
225
What is the highest common factor of 520 and 4758?
26
What is the greatest common divisor of 1098661 and 1718?
859
Calculate the greatest common divisor of 6876 and 90.
18
What is the greatest common divisor of 85 and 6655?
5
Calculate the greatest common divisor of 21430 and 10.
10
What is the highest common divisor of 674670 and 390?
30
What is the highest common factor of 4371 and 50747?
31
Calculate the highest common divisor of 3069 and 620.
31
What is the highest common divisor of 1081980 and 180?
180
What is the greatest common divisor of 3 and 28?
1
What is the greatest common factor of 117 and 10467?
9
What is the greatest common factor of 9 and 26409?
3
Calculate the highest common factor of 26149 and 869.
79
What is the greatest common divisor of 616 and 181192?
88
What is the highest common divisor of 26663 and 6461?
91
What is the highest common factor of 6809 and 15475?
619
What is the greatest common factor of 316796 and 232?
116
What is the highest common divisor of 58 and 1577861?
29
Calculate the highest common divisor of 121605 and 97485.
1005
Calculate the greatest common factor of 571 and 12103487.
571
What is the highest common factor of 932129 and 101?
101
What is the greatest common divisor of 189 and 61020?
27
Calculate the greatest common divisor of 7899 and 90.
3
What is the highest common divisor of 258125 and 531?
59
Calculate the highest common factor of 9 and 14719131.
9
What is the highest common divisor of 28 and 8708?
28
What is the greatest common divisor of 64890 and 4032?
126
Calculate the highest common factor of 352 and 8173.
11
Calculate the greatest common divisor of 117507 and 5083.
299
Calculate the greatest common factor of 169 and 518830.
169
Calculate the greatest common factor of 5976 and 3186.
18
Calculate the highest common factor of 479016 and 136.
8
What is the greatest common factor of 2658572 and 28?
28
Calculate the greatest common divisor of 13890158 and 2458.
2458
Calculate the greatest common divisor of 80 and 199696.
16
What is the highest common divisor of 8365 and 625?
5
What is the greatest common divisor of 256 and 124?
4
What is the highest common divisor of 34 and 1219512?
34
Calculate the highest common divisor of 3348 and 1164.
12
What is the highest common divisor of 2448 and 80376?
408
Calculate the highest common factor of 43339 and 304.
19
Calculate the highest common factor of 603491 and 511.
511
Calculate the greatest common factor of 355 and 1446980.
355
Calculate the highest common factor of 21078 and 18.
18
Calculate the highest common factor of 8772 and 106554.
258
What is the highest common divisor of 1 and 57503?
1
Calculate the greatest common factor of 22932 and 237601.
637
What is the greatest common divisor of 7722 and 108?
54
What is the greatest common factor of 556852 and 41376?
1724
Calculate the greatest common divisor of 307799 and 31.
31
What is the greatest common factor of 846391 and 182?
91
Calculate the highest common factor of 24 and 42492.
12
What is the greatest common factor of 1566 and 38106?
522
Calculate the highest common divisor of 5 and 989105.
5
Calculate the highest common factor of 880 and 93392.
16
Calculate the greatest common factor of 41 and 280481.
41
Calculate the highest common factor of 1235 and 10070.
95
Calculate the greatest common factor of 20426 and 4.
2
Calculate the greatest common divisor of 5097323 and 6369.
2123
What is the greatest common factor of 98 and 1295?
7
Calculate the greatest common factor of 613943 and 33.
11
What is the greatest common factor of 63829 and 284?
71
Calculate the greatest common divisor of 4896 and 447712.
544
What is the highest common factor of 1491 and 151017?
213
What is the greatest common divisor of 555 and 249380?
185
Calculate the greatest common divisor of 81 and 28521.
9
What is the greatest common divisor of 43 and 2262531?
43
What is the highest common factor of 510 and 40630?
170
Calculate the greatest common divisor of 117104 and 208.
208
Calculate the greatest common divisor of 798 and 1235.
19
What is the greatest common divisor of 726 and 1100?
22
What is the greatest common factor of 48 and 7860?
12
Calculate the highest common divisor of 374 and 3910.
34
What is the greatest common factor of 1058 and 4738?
46
What is the greatest common divisor of 10633 and 1225?
49
Calculate the highest common divisor of 575960 and 7.
7
Calculate the highest common divisor of 953 and 826251.
953
What is the highest common divisor of 300 and 187500?
300
What is the greatest common divisor of 2167 and 352?
11
What is the greatest common factor of 3073 and 88239?
439
What is the greatest common factor of 429 and 360063?
33
Calculate the greatest common divisor of 5238 and 4462.
194
Calculate the highest common factor of 8 and 8744.
8
Calculate the greatest common divisor of 216239 and 2888.
361
What is the greatest common divisor of 7436 and 308?
44
What is the highest common factor of 8875 and 852?
71
Calculate the greatest common factor of 110 and 65054.
22
What is the highest common factor of 1084 and 1274513?
271
What is the greatest common divisor of 140 and 1064420?
140
What is the highest common divisor of 60503 and 187?
17
Calculate the greatest common divisor of 17600 and 14784.
704
Calculate the highest common factor of 65145 and 315.
15
Calculate the highest common divisor of 852588 and 396.
396
Calculate the highest common divisor of 478618 and 56.
14
Calculate the highest common divisor of 2316 and 7913.
193
What is the highest common divisor of 3792 and 5214?
474
Calculate the greatest common divisor of 2 and 1643921.
1
Calculate the highest common divisor of 2184 and 10738.
182
Calculate the greatest common divisor of 640 and 65080.
40
What is the greatest common factor of 64 a